(-5). Suppose 4*f = o*f - 84. Let r be 4 + (-91)/f + 14/6. Calculate the greatest common divisor of r and 22.
2
Suppose 5*w = 3*f + 2*f - 90, 3*f - w - 44 = 0. Suppose -33*x = -40*x + 2548. Let u = -260 + x. What is the highest common divisor of f and u?
13
Let n be (-3 - -4) + 2/1. Let g = -5798 - -5825. Calculate the greatest common divisor of g and n.
3
Let o be (-1 + -5)*2*390/(-45). What is the highest common factor of o and 11908?
52
Suppose -119*j = -128*j + 8928. Let u = 1904 - j. What is the greatest common divisor of 38 and u?
38
Suppose 0 = 1378*t + 74668 - 225703 - 55665. Suppose -4*l + 312 = -3*f, 4*l + 5*f = -l + 355. What is the highest common factor of l and t?
75
Let r be 2 + -3 + 223 + 2. Let j = -24874 + 24930. Calculate the highest common divisor of r and j.
56
Suppose -6*o = -5 + 47. Let r be 594/14 - 3/o*-1. What is the highest common divisor of 63 and r?
21
Suppose 33*t = -7*t - 2*t + 732354. Calculate the highest common factor of 47 and t.
47
Let f = 37 + -26. Let p(j) = -j**3 + j**2 + 11. Let o(v) = -v**2 + v + 30. Let r be o(-5). Let a be p(r). What is the highest common factor of a and f?
11
Let r(h) = h**2 - 3*h - 5. Let v be r(-2). Suppose -3*l - 2*f + 480 = 0, -l - v*f + 45 = -102. What is the highest common divisor of 36 and l?
18
Let q be 1*(5 + -3 + 2). Suppose 354 - 74 = q*v. Let g be 1/((18/56)/9). What is the highest common divisor of g and v?
14
Let l(j) = -67*j - 317. Let n be l(-6). Suppose -5*t + 289 = 3*k, 3*t - 53 = 2*t - 3*k. Let a = t - 42. What is the greatest common divisor of n and a?
17
Suppose -10*q + 29*q = 42949 - 6393. Calculate the greatest common divisor of q and 1776.
148
Suppose -4*x = -2*s - 16, 33 = -x + 6*x + 4*s. Suppose x*d = -3*d + 760. What is the greatest common divisor of 5 and d?
5
Let a(v) = -117*v - 4995. Let m be a(-43). What is the greatest common divisor of m and 4194?
18
Let f = 742 + -657. Suppose -125 = -6*g + f. What is the highest common divisor of 910 and g?
35
Let i = -10 - 136. Let w = i - -226. Suppose 29*u = -56*u + 1360. What is the highest common divisor of u and w?
16
Let n be ((-1)/2)/(70/84) - 39243/(-5). Calculate the greatest common factor of 72 and n.
72
Let g = -5 - -49. Let x = 69 - g. What is the highest common divisor of 25 and x?
25
Let f(p) = 2*p - 2. Let u be f(5). Let a(j) = -2*j**3 + 28*j**2 + 325*j + 368. Let v be a(-8). What is the highest common divisor of u and v?
8
Suppose 3*v + 5803 = -5*g + 16678, -2175 = -g + 2*v. Suppose g = 5*d - 5*y, d - y = y + 435. What is the greatest common divisor of 30 and d?
15
Suppose 390*p - 375*p = 360. What is the highest common divisor of p and 558?
6
Let i be -13 + (-20 - -185) - 23. What is the highest common factor of 12255 and i?
129
Suppose 0 = -341*c + 334*c + 60 + 150. What is the highest common factor of 14010 and c?
30
Let k = -15112 - -15278. What is the highest common divisor of 2822 and k?
166
Let s be (-6)/(-2) - (-2)/(-2). Let g be (-24)/6 + (-20)/s. Let w(u) = u**2 + 14*u + 5. Let i be w(g). Calculate the highest common factor of i and 2.
1
Suppose 27*n - 602 = -36*n + 154. What is the highest common divisor of n and 177?
3
Let a = -17 + 20. Let r = 249 + -236. Suppose -4*l + r = 5*h - 5*l, h + 1 = -l. What is the highest common divisor of a and h?
1
Let g be (-6950)/8*5988/(-2495). Calculate the greatest common divisor of 15 and g.
15
Let v be (4/10)/(2/10). Suppose 0 = 2*b - v*w - 90, -2*b + 74 + 11 = -w. Suppose -390*o = -388*o - 32. Calculate the greatest common divisor of b and o.
8
Suppose 0*a + 2*a = 22. Suppose -8*g + a*g = 120. Suppose 2*j + 0*j - 2*c - 124 = 0, 0 = -5*j - c + 298. What is the greatest common divisor of g and j?
20
Let g(y) = -2*y**2 - 79*y - 319. Let p be g(-18). What is the highest common factor of p and 14?
7
Let c(t) = -373*t**3 + 28*t**2 + 66*t - 60. Let p be c(-4). What is the highest common divisor of p and 84?
28
Suppose 34*k - 35*k = -53. Suppose -k*c = -58*c + 5. What is the greatest common factor of c and 1?
1
Let y(c) = 35*c**2 + 12*c + 255. Let i be y(-13). Calculate the highest common factor of i and 97.
97
Suppose -2*d - 3*d - 4*x = -1759, 5*d - 4*x = 1751. Suppose -356*r + d*r = -375. What is the greatest common factor of 30 and r?
15
Let z = 12841 + -12429. What is the highest common divisor of z and 309?
103
Suppose 3*c = 126 - 81. Suppose 3 = k - 3*s, 0 = 5*k - 4*s - 38 - 21. Calculate the highest common divisor of c and k.
15
Let z be 5 - 477 - (1 - 1 - -2). Let r = z - -544. Calculate the greatest common divisor of 42 and r.
14
Suppose -50542 = -19*i - 4714. Calculate the highest common factor of 36 and i.
36
Let b(d) = 7*d + 205. Let x be ((-24)/20)/(9/75). Let g be b(x). What is the greatest common divisor of 81 and g?
27
Let k be (-3 - 21/(-6))/((-2)/(-20)). Let u be k*2/4*(-28)/(-5). Let t(n) = -n**2 + 24*n - 5. Let z be t(u). Calculate the greatest common factor of z and 15.
15
Let l = 69 + -42. Suppose 0 = 4*c - 5*c + 2*g - 179, 5*c - 2*g = -879. Let j = c + 178. What is the highest common factor of j and l?
3
Let n be 4/14 + ((-15)/12)/((-154)/9328). Calculate the highest common divisor of 171 and n.
19
Suppose 32338 = 59*p - 16071 + 5693. What is the highest common factor of p and 20?
4
Let t be (-98)/14 - (-5029)/1. Calculate the highest common factor of t and 216.
54
Suppose -6*x = -3*x - 12. Let t = 9 + x. Let f be (1 + 1)*208/t. What is the highest common factor of f and 32?
32
Let u = 5769 + -5765. What is the highest common divisor of u and 86?
2
Let p be 3/(-6) - ((-42532)/8)/(-7). Let u = -692 - p. Calculate the greatest common factor of 68 and u.
68
Let p(l) = 36*l**2 - 40*l + 15. Let h be p(5). Calculate the highest common divisor of h and 572.
143
Suppose 5*h - 17 = 88. Let b(t) = -3*t**3 - 14*t**2 - 41*t - 54. Let f be b(-6). What is the highest common factor of f and h?
21
Let w = 3367 + -2017. Suppose 826 + w = 8*b. Calculate the greatest common factor of 48 and b.
16
Let z(k) = 12*k**2 - 1460*k - 2926. Let b be z(-2). Let y(j) = j + 8. Let g be y(-5). What is the greatest common factor of b and g?
3
Suppose -2*z + 73 - 11 = 0. Suppose -8*w = 2*r - 4*w - 10, -5*r = w - 25. Let o be (6/8 + -1)*(-620)/r. What is the highest common divisor of o and z?
31
Suppose 9*d + 450 = 4*d + r, 0 = 5*d + 5*r + 420. Let a = 98 + d. Suppose 5*k = 3*t + 105, 4*k - 2*t - 73 = a. Calculate the highest common factor of k and 36.
18
Suppose -10*w + 8*w = -4. Suppose -l + 155 = 5*a, -3*a + 50 = -a - w*l. Let g be 100/(-3)*12/(-10). What is the greatest common factor of a and g?
10
Suppose -17*d + 15*d = 34. Let r be 135/45 - (d - 0). What is the highest common divisor of 35 and r?
5
Let y be (-506)/(-44)*(16/(-5))/(8/(-40)). Calculate the highest common factor of y and 20792.
184
Suppose 5*c - 4989 = -b, c + 4*b - 842 = 133. What is the greatest common divisor of c and 45?
9
Let b = -1786 + 2635. Suppose -14*i + b = -1587. What is the highest common factor of 12 and i?
6
Suppose -m - 2 = -4*v - 40, v = m - 32. What is the highest common factor of 70 and m?
10
Suppose o + 1364 = v, 120*v - 123*v + 4094 = -4*o. What is the highest common factor of 8 and v?
2
Suppose 0*p - 132 = 6*p. Let b(w) = -w**2 - 19*w + 67. Let o be b(p). Calculate the greatest common divisor of o and 4.
1
Let d be 3 - ((-3 - -5) + 3 + 0). Let v(i) = -9*i**3 + 8*i + 8. Let z be v(d). What is the greatest common divisor of z and 8?
8
Suppose d = -14 + 4. Let x = -5 - d. Suppose 3*c - 2*j - 46 = 0, 4*c + x*j - 21 = 3*c. Calculate the greatest common factor of 176 and c.
16
Suppose 0 = 15*g + 42 + 18. Let y be 6 + g - (-73 - 2). Suppose 2*t = -n + 33, 0 = 4*n + 3*t - y - 45. Calculate the greatest common divisor of 319 and n.
29
Let v(x) = -7*x**2 - 315*x + 39. Let n be v(-45). Calculate the highest common factor of n and 975.
39
Let q(g) = -138*g**3 + 2*g**2 + 6*g + 5. Let t be q(-1). Calculate the highest common factor of 1 and t.
1
Suppose 0 = 3*y - s - 5597, -4*y = 14*s - 9*s - 7412. What is the highest common divisor of 138 and y?
69
Suppose 0 = -11*v - 164 + 241. Calculate the highest common factor of v and 623.
7
Suppose 0 = -4*b + m + 1393, -1395*b = -1398*b - 4*m + 1078. Calculate the greatest common divisor of 90 and b.
10
Let f(w) = 3*w**3 - 15*w**2 - 10*w + 1. Supp